r = r - 14. What are the prime factors of r?
2, 7
Let v(s) = s**3 + 11*s**2 - s + 4. Suppose 0*w = -3*w. Let u = -11 + w. List the prime factors of v(u).
3, 5
Suppose -3*z + 673 = 5*p, -5*z + 391 = 5*p - 2*p. List the prime factors of p.
137
Let n be ((-6)/(-12))/((-1)/(-2)). Suppose 31 = 2*r + n. What are the prime factors of r?
3, 5
Let c be -7 + (-5)/(5/(-2)). Let s(i) = -3*i + 4. List the prime factors of s(c).
19
Let y(h) be the first derivative of 5*h**2/2 - 4*h - 3. What are the prime factors of y(5)?
3, 7
Let u(s) = -s + 16. Let x(l) = l - 2. Let d be x(2). What are the prime factors of u(d)?
2
Let l(n) be the first derivative of 0*n + 1 - 1/2*n**2. List the prime factors of l(-4).
2
What are the prime factors of (-4 + 3)*(-6 + 1)?
5
Suppose r + 545 = 5*s, 0*r + 525 = 5*s - 5*r. Suppose -s = -5*d - 0*d. What are the prime factors of d?
2, 11
Let v = -80 + 151. What are the prime factors of v?
71
Suppose 520 - 118 = 2*t. What are the prime factors of t?
3, 67
Let z be (-1)/(-2) - (-1)/(-2). Suppose 12 = 4*t - z*t. Suppose 0 = 8*l - t*l - 40. List the prime factors of l.
2
What are the prime factors of (5/15*-2)/((-4)/882)?
3, 7
Let u(d) = -7*d**2 + 2*d - 4. Let o(p) = 8*p**2 - 2*p + 3. Let r(h) = 3*o(h) + 2*u(h). What are the prime factors of r(1)?
3
Let y(b) = -b**2 + b + 5. Let l be y(-5). Suppose 1 - 79 = 4*m - 2*x, 5*x - 87 = 4*m. Let j = m - l. List the prime factors of j.
7
Suppose -s - 72 = -5*s. What are the prime factors of s?
2, 3
Let d = -56 + 21. Let h = 54 + d. What are the prime factors of h?
19
Suppose 0 = -16*g + 10*g + 192. What are the prime factors of g?
2
Let t(v) = -45*v - 3. Let a be t(-5). Suppose -62 = 5*d - a. What are the prime factors of d?
2
Let m be ((-69)/6)/(1/4). Let d = m + 68. Let w = d - 9. What are the prime factors of w?
13
Suppose 4 = 4*w - 0. Suppose y = -2*u - w + 17, -5*u + y + 33 = 0. List the prime factors of u.
7
Suppose -3*c = -0*c. Suppose c = 2*i + 2*i. Let l(w) = w**2 - w + 5. What are the prime factors of l(i)?
5
Let d = -30 - 41. Let q = -32 - d. What are the prime factors of q?
3, 13
What are the prime factors of 6/(-4) - (-58)/4?
13
Suppose 5*n - 13 = 17. Let a(b) = n - b - 3 + 0 + 1. What are the prime factors of a(-4)?
2
Let f = 3 - 0. Suppose -f*r - 2*r = -125. Suppose -4*p - p + r = 0. List the prime factors of p.
5
Let c(j) = j**3 - 6*j**2 + 5*j + 4. Let b be c(5). Suppose d - 2*u - 18 = -u, 16 = b*u. List the prime factors of d.
2, 11
Let a be -2 + 4 - 3*3. Let z = -4 - a. Suppose d - z*p = 2*p + 15, -4*d - 4*p + 12 = 0. List the prime factors of d.
5
Suppose 5*x - 28 = 3*x. What are the prime factors of x?
2, 7
Let p be -1 + 2 + -2 + 1. Suppose p*z = 4*z - 20. Suppose z*y - 3*q - 30 = 0, 0 = 5*y + q + q - 30. List the prime factors of y.
2, 3
What are the prime factors of (-26)/(-39) + 2/12*758?
127
Let s be (-1)/(-2)*-4 + 2. Suppose y - 4*u - 25 = -s*y, -5*y + 4*u + 93 = 0. What are the prime factors of y?
17
Suppose -f + 3*f + c - 6 = 0, 0 = -3*c. Suppose -4*t = -4*i + 5*i + 28, 0 = -3*t + f*i - 6. Let q = t - -10. What are the prime factors of q?
2
Let n(f) = -f**3 - 5*f**2 - 8*f + 4. List the prime factors of n(-5).
2, 11
Let y = -3 + 4. Let x(n) = 0*n + 5 + 4 + 7*n - n**2 - y. List the prime factors of x(6).
2, 7
Let v(h) be the first derivative of -h**2 - 10*h - 2. List the prime factors of v(-8).
2, 3
Suppose -z + 10*z = 252. What are the prime factors of z?
2, 7
Suppose 4*w - 96 - 349 = -d, 5*d - 338 = -3*w. What are the prime factors of w?
3, 37
Suppose -4*r + 108 = -4*b, 60 = r + r - 4*b. List the prime factors of r.
2, 3
Let g(f) = -f**2 + 13*f + 12. What are the prime factors of g(11)?
2, 17
Let l(o) = 6*o - 2. List the prime factors of l(3).
2
Suppose 0 = 9*b - 10*b + 89. Suppose 4*y - 4*g = -3*g + b, -3*g - 120 = -5*y. List the prime factors of y.
3, 7
Let j(x) = x**3 - 12*x**2 - 4*x + 2. Let c be j(12). Let s = -28 - c. What are the prime factors of s?
2, 3
Let y(f) = 13*f + 1. Let u(h) = -3*h. Let t(w) = -18*u(w) - 4*y(w). List the prime factors of t(4).
2
Let d(o) = 2*o**2 - 3*o + 1. What are the prime factors of d(11)?
2, 3, 5, 7
Let r = 96 + -42. Suppose -3*y = -0*y - r. What are the prime factors of y?
2, 3
Suppose 2*w = -0*w + 12. List the prime factors of (w*20/6)/2.
2, 5
Let f be 175/15 + 2/6. Suppose -5*h = r - 35, 5*h - 2*r = f + 8. List the prime factors of h.
2, 3
Suppose -76 = x - 2*x. List the prime factors of x.
2, 19
What are the prime factors of 260/3 - (-1)/3?
3, 29
Suppose -2*i - 2*i = 2*w - 16, i + 5 = w. Let r(b) = -w*b - 2 + 0*b + 5*b. List the prime factors of r(-8).
2, 3
Suppose k - 2*g - 36 = -k, -4*g + 6 = 2*k. Let v = k + -6. What are the prime factors of v?
7
Let z(d) = d**2 - 6*d - 10. Suppose 4*h = 4*w - 52, 2*w + 6*h + 4 = 2*h. List the prime factors of z(w).
2, 3
Let u(h) = -5*h - 9. List the prime factors of u(-4).
11
Let x be 13 + (3/3 - 3). Suppose 2*i - 5*d - 15 = 0, -4*i + 2*d - 3*d - 25 = 0. Let j = x + i. What are the prime factors of j?
2, 3
Suppose -446 = -8*p + 42. List the prime factors of p.
61
Suppose -2*v + 4 = -36. Let s = v + 0. What are the prime factors of s?
2, 5
Suppose 5*a - 5 - 5 = 0. Suppose a*k - 5*w + 4 = 2, 4*k - 4*w = 20. What are the prime factors of k?
3
Let x be -18*(1 + -2) - -1. Suppose w - 21 = 3*r - 2*w, 5*r + 5*w + 45 = 0. Let t = x + r. List the prime factors of t.
11
Let i(t) = 4*t**3 - t**2 + 4*t - 7. What are the prime factors of i(4)?
3, 83
Suppose 28 = 4*z + 7*q - 2*q, z - q = 7. Suppose 2*k = g + 5*k - 18, -g = -2*k + z. List the prime factors of 2/g*2*15.
2, 5
Let m(q) = -q**3 + 4*q**2 + 3. Let d be m(4). Suppose -t = d - 15. List the prime factors of t.
2, 3
Let h(t) = -3 - 3*t + 0*t - 6 + 3. What are the prime factors of h(-11)?
3
Let t = 7 + -5. List the prime factors of t/2 + 0 + 2.
3
Let o = 5 - -27. List the prime factors of o.
2
Suppose -4*h - 5 = 3, -28 = -3*s - 4*h. What are the prime factors of s?
2, 3
Let o(s) = s**3 - 13*s**2 + 12*s + 7. Let t be o(12). Let r(l) = l**3 - 6*l**2 - 3*l - 8. What are the prime factors of r(t)?
2, 5
Let z be (-3 - 280/(-4))*1. Suppose -3*p + u = -2*u - 69, -5*u + z = 2*p. What are the prime factors of p?
2, 13
Suppose 0 = -3*l + 164 + 22. What are the prime factors of l?
2, 31
Let z be (-1 + 2)/((-2)/(-6)). Let n be (1/z)/(1/(-33)). Let m = -3 - n. What are the prime factors of m?
2
Let l be (16/(-6))/(-2)*-3. Let m be -3*l/6 - -4. Suppose m*b - 10 = b. What are the prime factors of b?
2
List the prime factors of 10 - 9/(-3) - 2.
11
Suppose -5*q + z + 427 = 0, 0*z - 3*z - 176 = -2*q. What are the prime factors of q?
5, 17
List the prime factors of (2/6)/((-4)/(-756)).
3, 7
Let z(r) be the first derivative of 1/2*r**2 + 1/3*r**3 + r + 2 - 1/4*r**4. List the prime factors of z(-2).
11
Suppose 0 = 4*u - a, -1 = -5*u - a + 2*a. Let k = u - 2. What are the prime factors of k*5/((-15)/24)?
2
Suppose z - 24 + 9 = 0. List the prime factors of z.
3, 5
Suppose x = w - 6, -5*w - 2*x + 6*x + 28 = 0. Let c = -2 + 2. Suppose c = w*q + 1 - 49. What are the prime factors of q?
2, 3
Let b(w) = w**2 - 7*w + 4. Let r be b(7). Suppose -r*j = -4*h - 140, -3*j + 6*h - 2*h + 103 = 0. Let g = -24 + j. List the prime factors of g.
13
Let m(a) = -a - 2. Let y be m(-2). Suppose y = -0*t - 2*t - 12. List the prime factors of (-58)/t - 1/(-3).
2, 5
What are the prime factors of ((-12)/(-16)*4 - 1) + 100?
2, 3, 17
Let m = -3 + 5. Let z be -1 - (-6)/(m - 1). Suppose -h + c = -11, -3*h + 11 - 2 = z*c. List the prime factors of h.
2
Let x(g) = 4*g**2 - 4*g - 1. Let y be 3*(-2)/(-6)*3. Suppose 2*v = -2*s, -y*v + 12 = -s - 0*s. What are the prime factors of x(v)?
23
Let w(t) be the second derivative of t**5/20 + 5*t**4/12 + t**3/3 + t**2 - 3*t. What are the prime factors of w(-4)?
2, 5
Suppose 4*l + 4*i = 32, 2*l - 4*i = -l + 3. Suppose o = 4*f - 40, 5*o + 50 = l*f + 4*o. What are the prime factors of f?
2, 5
Let d(q) = 2*q - 6. Let b be d(5). Suppose -2*h + 3*w = -17, -b*h + w = -2*h - 19. Let m = h + -7. List the prime factors of m.
3
List the prime factors of 11 + 1 + 0/(-8).
2, 3
Suppose 0*s = 2*s - 12. What are the prime factors of ((-88)/6)/((-4)/s)?
2, 11
Let s(a) = -5*a - 16. List the prime factors of s(-15).
59
Let m(v) = -2 + 4*v - 3*v - 2*v. Let k be m(3). Let p = k +